{"id":553,"date":"2016-03-01T17:59:17","date_gmt":"2016-03-01T16:59:17","guid":{"rendered":"http:\/\/turquoise.ch\/wordpress\/?page_id=553"},"modified":"2025-12-13T20:50:46","modified_gmt":"2025-12-13T19:50:46","slug":"accueil-2","status":"publish","type":"page","link":"https:\/\/turquoise.ch\/wordpress\/","title":{"rendered":"ACCUEIL"},"content":{"rendered":"<p><code><\/code><\/p>\n<p><span style=\"color: #000000;\"><strong>L\u2019institut fermera d\u00e9finitivement le 31 d\u00e9cembre 2025<\/strong><\/span><\/p>\n<p>Cette d\u00e9cision s&rsquo;inscrit dans une transition importante de mon parcours.<\/p>\n<p>Merci \u00e0 toutes les personnes qui m&rsquo;ont fait confiance durant les <strong>26 ann\u00e9es<\/strong>\u00a0 de l&rsquo;institut<\/p>\n<p>&nbsp;<\/p>\n<h3>Turquoise :\u00a0Institut de Beaut\u00e9 et Spa<\/h3>\n<p>&nbsp;<\/p>\n<p>D\u00e9couvrez un institut de beaut\u00e9 &amp; Spa\u00a0sp\u00e9cialis\u00e9 dans les cosm\u00e9tiques biologiques et enti\u00e8rement d\u00e9di\u00e9 \u00e0 votre bien-\u00eatre et \u00e0 votre beaut\u00e9.Am\u00e9nag\u00e9 et d\u00e9cor\u00e9 selon les principes du Feng Shui, j&rsquo;ai le plaisir de vous accueillir dans un univers luxueux o\u00f9 confort, harmonie, qui\u00e9tude et charme r\u00e8gnent en ma\u00eetre.\u00a0Dans ce lieux calme et ressour\u00e7ant, offrez-vous une parenth\u00e8se de s\u00e9r\u00e9nit\u00e9.Prenez soin de vous !<\/p>\n<div class=\"art-content-layout layout-item-0\">\n<div class=\"art-content-layout-row\">\n<p class=\"art-layout-cell layout-item-1\" style=\"width: 100%;\"><img loading=\"lazy\" decoding=\"async\" class=\"size-medium wp-image-115 alignleft\" src=\"https:\/\/turquoise.ch\/wordpress\/wp-content\/uploads\/2015\/09\/Huile-essentielle-200x300.jpg\" alt=\"Huile-essentielle\" width=\"200\" height=\"300\" data-pinit=\"registered\" srcset=\"https:\/\/turquoise.ch\/wordpress\/wp-content\/uploads\/2015\/09\/Huile-essentielle-200x300.jpg 200w, https:\/\/turquoise.ch\/wordpress\/wp-content\/uploads\/2015\/09\/Huile-essentielle.jpg 274w\" sizes=\"auto, (max-width: 200px) 100vw, 200px\" \/><\/p>\n<\/div>\n<\/div>\n<div class=\"art-content-layout layout-item-0\">\n<div class=\"art-content-layout-row\">\n<p class=\"art-layout-cell layout-item-1\" style=\"width: 100%;\"><a href=\"https:\/\/turquoise.ch\/wordpress\/?page_id=556\">L&rsquo;UNIVERS DU SPA<\/a><\/p>\n<p class=\"art-layout-cell layout-item-1\" style=\"width: 100%;\">Les soins propos\u00e9s dans ce Spa Privatif sont pr\u00e9vus pour 1 \u00e0 4 personnes.\u00a0Avec un sauna traditionnel, un tylarium, un jacuzzi, une douche effet pluie, &#8230;<\/p>\n<p class=\"art-layout-cell layout-item-1\" style=\"width: 100%;\"><a href=\"https:\/\/turquoise.ch\/wordpress\/?page_id=561\">SOINS ESTHETIQUES<\/a><\/p>\n<p class=\"art-layout-cell layout-item-1\" style=\"width: 100%;\">Soins du visage, soins du corps, &#8230;.<\/p>\n<p class=\"art-layout-cell layout-item-1\" style=\"width: 100%;\"><a href=\"https:\/\/turquoise.ch\/wordpress\/?page_id=570\">SOINS THERAPEUTIQUES<\/a><\/p>\n<p class=\"art-layout-cell layout-item-1\" style=\"width: 100%;\">Massages, drainage lymphatique, r\u00e9flexologie,&#8230;<\/p>\n<p class=\"art-layout-cell layout-item-1\"><a href=\"http:\/\/boutique.turquoise.ch\">BOUTIQUE EN LIGNE<\/a><\/p>\n<p class=\"art-layout-cell layout-item-1\">Vente de produits cosm\u00e9tiques VITACOLOGY, de coffrets et de bons cadeaux, &#8230;<\/p>\n<\/div>\n<p>&nbsp;<\/p>\n<\/div>\n\n","protected":false},"excerpt":{"rendered":"<p>L\u2019institut fermera d\u00e9finitivement le 31 d\u00e9cembre 2025 Cette d\u00e9cision s&rsquo;inscrit dans une transition importante de mon parcours. Merci \u00e0 toutes les personnes qui m&rsquo;ont fait confiance durant les 26 ann\u00e9es\u00a0 de l&rsquo;institut &nbsp; Turquoise :\u00a0Institut de Beaut\u00e9 et Spa &nbsp;&#8230;<br \/><a class=\"read-more-button\" href=\"https:\/\/turquoise.ch\/wordpress\/\">Savoir plus<\/a><\/p>\n","protected":false},"author":2,"featured_media":0,"parent":0,"menu_order":0,"comment_status":"closed","ping_status":"closed","template":"","meta":{"footnotes":""},"tags":[60,83,64,54,55,56,57,71,127,130,239,241,240,110,58,50,52,51,59,107,66,67,75,112,113,114,115,116,77,111,63,62,98,108,109,65,61,53],"class_list":["post-553","page","type-page","status-publish","hentry","tag-boutique-en-ligne","tag-broye","tag-caci","tag-cosmetique-bio","tag-cosmetique-naturel","tag-cosmetiques-bio","tag-cosmetiques-naturels","tag-ellebelle","tag-epilation","tag-epilation-jambes","tag-epilation-lucens","tag-epilation-moudon","tag-epilation-vaud","tag-institut","tag-institut-beaute-broye","tag-institut-de-beaute-a-lucens","tag-institut-de-beaute-a-lucens-et-romont","tag-institut-de-beaute-a-romont","tag-institut-de-beaute-dans-la-broye","tag-institut-lucens","tag-lifting","tag-lifting-sans-chirurgie","tag-lucens","tag-massage","tag-massage-broye","tag-massage-lucens","tag-massage-moudon","tag-massage-romont","tag-moudon","tag-soin","tag-soin-corps","tag-soin-visage","tag-soins","tag-soins-lucens","tag-soins-moudon","tag-spa","tag-vente-en-ligne","tag-vitacology"],"_links":{"self":[{"href":"https:\/\/turquoise.ch\/wordpress\/wp-json\/wp\/v2\/pages\/553","targetHints":{"allow":["GET"]}}],"collection":[{"href":"https:\/\/turquoise.ch\/wordpress\/wp-json\/wp\/v2\/pages"}],"about":[{"href":"https:\/\/turquoise.ch\/wordpress\/wp-json\/wp\/v2\/types\/page"}],"author":[{"embeddable":true,"href":"https:\/\/turquoise.ch\/wordpress\/wp-json\/wp\/v2\/users\/2"}],"replies":[{"embeddable":true,"href":"https:\/\/turquoise.ch\/wordpress\/wp-json\/wp\/v2\/comments?post=553"}],"version-history":[{"count":70,"href":"https:\/\/turquoise.ch\/wordpress\/wp-json\/wp\/v2\/pages\/553\/revisions"}],"predecessor-version":[{"id":2376,"href":"https:\/\/turquoise.ch\/wordpress\/wp-json\/wp\/v2\/pages\/553\/revisions\/2376"}],"wp:attachment":[{"href":"https:\/\/turquoise.ch\/wordpress\/wp-json\/wp\/v2\/media?parent=553"}],"wp:term":[{"taxonomy":"post_tag","embeddable":true,"href":"https:\/\/turquoise.ch\/wordpress\/wp-json\/wp\/v2\/tags?post=553"}],"curies":[{"name":"wp","href":"https:\/\/api.w.org\/{rel}","templated":true}]}}

<p><code></code></p>
<p><span style="color: #000000;"><strong>L’institut fermera définitivement le 31 décembre 2025</strong></span></p>
<p>Cette décision s&rsquo;inscrit dans une transition importante de mon parcours.</p>
<p>Merci à toutes les personnes qui m&rsquo;ont fait confiance durant les <strong>26 années</strong>  de l&rsquo;institut</p>
<p>&nbsp;</p>
<h3>Turquoise : Institut de Beauté et Spa</h3>
<p>&nbsp;</p>
<p>Découvrez un institut de beauté &amp; Spa spécialisé dans les cosmétiques biologiques et entièrement dédié à votre bien-être et à votre beauté.Aménagé et décoré selon les principes du Feng Shui, j&rsquo;ai le plaisir de vous accueillir dans un univers luxueux où confort, harmonie, quiétude et charme règnent en maître. Dans ce lieux calme et ressourçant, offrez-vous une parenthèse de sérénité.Prenez soin de vous !</p>
<div class="art-content-layout layout-item-0">
<div class="art-content-layout-row">
<p class="art-layout-cell layout-item-1" style="width: 100%;"><img loading="lazy" decoding="async" class="size-medium wp-image-115 alignleft" src="https://turquoise.ch/wordpress/wp-content/uploads/2015/09/Huile-essentielle-200x300.jpg" alt="Huile-essentielle" width="200" height="300" data-pinit="registered" srcset="https://turquoise.ch/wordpress/wp-content/uploads/2015/09/Huile-essentielle-200x300.jpg 200w, https://turquoise.ch/wordpress/wp-content/uploads/2015/09/Huile-essentielle.jpg 274w" sizes="auto, (max-width: 200px) 100vw, 200px" /></p>
</div>
</div>
<div class="art-content-layout layout-item-0">
<div class="art-content-layout-row">
<p class="art-layout-cell layout-item-1" style="width: 100%;"><a href="https://turquoise.ch/wordpress/?page_id=556">L&rsquo;UNIVERS DU SPA</a></p>
<p class="art-layout-cell layout-item-1" style="width: 100%;">Les soins proposés dans ce Spa Privatif sont prévus pour 1 à 4 personnes. Avec un sauna traditionnel, un tylarium, un jacuzzi, une douche effet pluie, &#8230;</p>
<p class="art-layout-cell layout-item-1" style="width: 100%;"><a href="https://turquoise.ch/wordpress/?page_id=561">SOINS ESTHETIQUES</a></p>
<p class="art-layout-cell layout-item-1" style="width: 100%;">Soins du visage, soins du corps, &#8230;.</p>
<p class="art-layout-cell layout-item-1" style="width: 100%;"><a href="https://turquoise.ch/wordpress/?page_id=570">SOINS THERAPEUTIQUES</a></p>
<p class="art-layout-cell layout-item-1" style="width: 100%;">Massages, drainage lymphatique, réflexologie,&#8230;</p>
<p class="art-layout-cell layout-item-1"><a href="http://boutique.turquoise.ch">BOUTIQUE EN LIGNE</a></p>
<p class="art-layout-cell layout-item-1">Vente de produits cosmétiques VITACOLOGY, de coffrets et de bons cadeaux, &#8230;</p>
</div>
<p>&nbsp;</p>
</div>

<p>L’institut fermera définitivement le 31 décembre 2025 Cette décision s&rsquo;inscrit dans une transition importante de mon parcours. Merci à toutes les personnes qui m&rsquo;ont fait confiance durant les 26 années  de l&rsquo;institut &nbsp; Turquoise : Institut de Beauté et Spa &nbsp;&#8230;<br /><a class="read-more-button" href="https://turquoise.ch/wordpress/">Savoir plus</a></p>
